What is the greatest common factor of 18 and v?
18
Let c be 1*(-3)/9*-57. Let o be -1 + (-8)/(-6)*129. What is the greatest common factor of c and o?
19
Let i be -2 - -1*15/3. Suppose l - 51 = -5*r, i*r + l - 21 = r. What is the greatest common divisor of r and 100?
10
Suppose -326 = -4*z - 3*g, 24*g + 330 = 4*z + 29*g. Calculate the highest common divisor of 10 and z.
10
Suppose -3*y = 3, 3*z - 2*y = 250 + 52. Suppose -r + 4*r - z = -5*v, -2*r = 10. What is the highest common divisor of 253 and v?
23
Let u(c) = -c - 370. Let m be u(0). Let f = -226 - m. Suppose 0 = -q - 2*q + 3*g + 45, 4*q - 81 = -3*g. Calculate the highest common factor of q and f.
18
Let w be 9/4 + (-3)/12. Let x(g) = g**2 - 9*g + 2. Let o be x(5). Let t be 0/(-1) - o/w. What is the greatest common factor of t and 9?
9
Let k = 0 + -2. Let u be (3/(-1))/(k/32). What is the highest common divisor of 32 and u?
16
Suppose 8*d - 67 = -3. Calculate the greatest common factor of 4 and d.
4
Suppose 127 = 5*l + 27. What is the highest common divisor of 140 and l?
20
Suppose -2*b = 3*o - 292, 6*b - 3*b = 2*o - 199. Let t = 155 - o. Calculate the greatest common factor of 19 and t.
19
Let s be 1*6/9*27. What is the highest common factor of s and 144?
18
Suppose -3*g - 2*l - 90 = -7*g, 0 = -2*g - l + 35. What is the greatest common divisor of g and 5?
5
Let c(k) = -2*k + 14. Let m be c(4). What is the greatest common divisor of m and 6?
6
Suppose -2*u + 5*q + 15 = 5, 0 = -q. Suppose 2*w + 65 = -u*d, 5*d = 2*d + 4*w - 13. Let n = -4 - d. Calculate the greatest common divisor of 21 and n.
7
Suppose -2*j = -4*l - 12 - 26, 2*j = 3*l + 38. Calculate the greatest common factor of j and 114.
19
Let z be 2 + 1 + (-3 - -1). Let p(a) = -a**2 + a + a + 17 + 6*a + 5*a. Let q be p(14). Calculate the highest common divisor of z and q.
1
Let l(v) = -9 - 4*v + 7*v + 4*v - 3*v. Let n = -8 - -14. Let s be l(n). What is the greatest common divisor of s and 3?
3
Suppose -24 = -2*k - k. Suppose -a = -4*a. Suppose -3 = -3*h - a*h. Calculate the highest common factor of h and k.
1
Let x(c) = -c**2 + 10*c - 15. Let d be x(7). Let n be (2 - 1)*-1*-7. Let b be 260/28 + (-2)/n. What is the greatest common factor of b and d?
3
Let i be (0 - -429 - -6) + -3. Calculate the highest common factor of i and 48.
48
Suppose 8*l = 141 - 21. Suppose 3*g - 91 = -13. Let a = g - l. What is the highest common divisor of a and 33?
11
Suppose y - 3 - 4 = 0. Let i(u) = -2*u**2 - 4*u - 6. Let d be i(8). Let q = d - -243. Calculate the highest common factor of q and y.
7
Let b be -2 + (-362)/(-2) + 1. Suppose 4*y - 5*q - b - 103 = 0, -2*y + 5*q + 129 = 0. Calculate the highest common factor of 7 and y.
7
Let a(j) = j**3 + 6*j**2 + 5*j + 7. Let f be a(-6). Let t = f - -38. Suppose -z + 1 = -2*l, 4*z - t = -4*l + l. What is the highest common divisor of z and 12?
3
Let t(v) = 2*v**3 - 6*v**2 + 2*v - 3. Let f be t(4). Suppose -4*s = 1 - f. What is the greatest common factor of s and 9?
9
Suppose 2*w - 5*a = 225 - 9, 3*a = -3*w + 282. Suppose 2*s - 4*m = 24, -1 = -0*m - m. What is the highest common factor of s and w?
14
Let p = 0 - -2. Let x be ((-16)/6 + p)*-3. Suppose 2*u - 9 = 3*m - u, 3*m = -5*u + 31. Calculate the greatest common factor of x and m.
2
Let s = 44 + -38. Calculate the highest common divisor of s and 30.
6
Let g = -43 - -59. Calculate the highest common divisor of g and 144.
16
Let l(p) be the third derivative of 1/6*p**3 - 2*p**2 + 0 - 1/24*p**4 + 0*p. Let f be l(-6). Calculate the greatest common divisor of f and 49.
7
Let k(a) = a**3 + 5*a**2 - a + 1. Let m be k(-5). Calculate the greatest common factor of 24 and m.
6
Let h(w) = 4*w**2 - 2*w - 3. Let u be h(3). What is the highest common factor of u and 189?
27
Let h(c) = -c**3 - 5*c**2 - 7*c - 4. Let r be h(-4). What is the greatest common factor of r and 88?
8
Let s(a) = a**2 - 6. Let d be s(-3). Suppose 43 + 92 = d*f. What is the greatest common factor of 30 and f?
15
Let b = -20 - -16. Let v = b + 15. Calculate the highest common factor of v and 55.
11
Let v(x) = 24*x + 1. Let a be v(3). Suppose -j + a = 5*g, 4*g = -3*j + 35 + 19. Calculate the highest common divisor of 10 and g.
5
Let s = 21 + -5. Suppose -s = -i - i. Suppose k - 1 = -0*k. Calculate the highest common factor of i and k.
1
Let t = 60 - 0. Suppose -x + 21 = 3*w, 2*x + 2*x = -4*w + 60. What is the highest common factor of x and t?
12
Suppose o + 8 - 25 = 0. Let y(x) = 70*x**2 - 3. Let c be y(-3). Suppose 0 = 4*r - 3*f - c + 71, r - 5*f = 156. Calculate the greatest common divisor of r and o.
17
Suppose k - 5*k = -76. What is the greatest common divisor of k and 19?
19
Suppose -4*t - 29 + 1305 = 0. Calculate the greatest common factor of 29 and t.
29
Let t(y) = -8*y + 5. Let z be t(-2). Calculate the highest common factor of z and 7.
7
Let c = 14 + 13. Let v = 285 + -69. Calculate the highest common factor of c and v.
27
Suppose 6*h = 2*h + 28. Suppose h = -2*u + 29. What is the greatest common divisor of 121 and u?
11
Let q(w) = w**2 + w. Let x be q(0). Suppose x = 3*m - 8*m + 50. Suppose -u + 3*u - 175 = -5*b, -5*u + 451 = -b. What is the greatest common divisor of u and m?
10
Let b = -6 + 51. Calculate the greatest common divisor of b and 30.
15
Suppose 5*y = 15 + 10. Calculate the greatest common factor of y and 5.
5
Let g(p) = p - 1. Let v(i) = -i**3 - 4*i**2 - 2*i + 10. Let m(w) = 5*g(w) + v(w). Let a be m(-5). Let x = 14 - -1. What is the highest common factor of x and a?
15
Suppose -3*q - 3*t + 18 = -0*q, -10 = q + 5*t. Let u = -5 + 7. Suppose -g - u*g = -330. Calculate the highest common factor of q and g.
10
Suppose 2*a - 4 = 3*s + 59, s + 3 = 0. Let t = a + -13. Calculate the greatest common factor of t and 70.
14
Let o = 9 + -13. Let x(z) = 5*z**2 + 4*z - 1. Let f be x(o). Calculate the highest common divisor of f and 21.
21
Suppose 17 = 2*t - 25. Let z be (3675/25)/((-2 + 4)/2). Calculate the highest common divisor of z and t.
21
Let u(r) = 6*r + 8. Let l be u(-7). Let z be -1*l/(-1 - -3). Calculate the highest common factor of 51 and z.
17
Suppose l = -2*o - 3*l - 16, -5*o + l = -15. Suppose 0 = -o*u - 11 + 41. What is the highest common divisor of u and 135?
15
Let v = 3 + 0. Let s be (-1)/3*(-3 + v). Let m = s + 1. Calculate the highest common factor of 3 and m.
1
Suppose 229 = 2*j - 145. Let d = 29 + -12. What is the greatest common factor of j and d?
17
Suppose -4 = p - 5*s + 11, -5*p + 29 = s. Suppose 0 = -g - 3 + 2. Let i = p + g. What is the highest common divisor of i and 8?
4
Suppose 0 = 7*q - 32 - 472. What is the greatest common factor of 8 and q?
8
Let y = 37 + -33. Let l = -7 - -43. Calculate the greatest common factor of l and y.
4
Let q = 74 + 34. What is the highest common factor of 12 and q?
12
Let n(y) = 8*y - 2. Let x be n(7). Suppose g - 2*g - 5*b + 33 = 0, 5*g - 2*b = 84. Calculate the highest common factor of x and g.
18
Suppose -3*g = 2*a - 433, -4*a + 400 - 106 = 2*g. What is the greatest common factor of g and 13?
13
Suppose -6*h + 21 = -3*h. Calculate the highest common factor of 21 and h.
7
Suppose -5*o = o - 72. Calculate the highest common factor of o and 30.
6
Let s = -55 - -118. Calculate the greatest common divisor of s and 18.
9
Let s(v) = -6*v - 24. Let d be s(-12). Calculate the greatest common divisor of 3 and d.
3
Let t(s) = -2 + 2 + 3*s**2 - s. Let o be t(2). Suppose 4*z + 6 = m, 0 = -m - 4*z + 7 + 7. What is the greatest common divisor of m and o?
10
Let f be (-9)/((-1)/1) - -2. Let a(d) = 6*d**3 - 7*d**2 - 2*d + 6. Let v be a(3). Calculate the highest common divisor of f and v.
11
Suppose -2 - 7 = -3*h. Suppose -5*q + 93 = h. Let w(l) = 45*l**2 + l + 1. Let k be w(-1). What is the highest common factor of k and q?
9
Suppose -2*k + 4*k = 34. Suppose 5 = -4*t + k. Suppose 6 - t = 3*v. What is the greatest common factor of v and 4?
1
Let k(r) = r**3 + r**2 + 9. Let b be k(0). Suppose a + a = -4*t + 130, -3*a + 188 = -t. Calculate the highest common divisor of a and b.
9
Let n(k) = -40*k. Let w be n(-3). Calculate the greatest common divisor of w and 12.
12
Suppose 3*z = 2*z - 9. Let y be 6*6*(-8)/z. Calculate the greatest common divisor of 48 and y.
16
Let p be 0 - (-1 + 0 + -1). Let f = p - -1. What is the highest common factor of 1 and f?